 (3 - (-2 + 7 + -2))
3
3 + -3 - (2 - -2)
-4
(2 - (-5 + 7)) + -1 + -2
-3
What is (6 - (2 - 0) - 3) + -4?
-3
What is the value of -1 - (-4 + 3 + -1 - -5)?
-4
Evaluate -6 + (9 + -1 - 5).
-3
What is the value of -27 + 16 - (-5 + -1)?
-5
Evaluate 3 + -8 - -9 - -1.
5
1 + (0 - 1) - (-19 - -24)
-5
Calculate (8 - 2) + -3 - (7 - 3).
-1
What is the value of 4 - (-4 + 3 + 2 + -5)?
8
Calculate 3 - ((3 - 0) + 5 + -7).
2
What is the value of (-16 + -12 - -20) + (-1 - -1)?
-8
What is the value of -2 + (-2 - (2 + -3 + -4))?
1
What is -3 + -3 - (-12 + (-6 - -5))?
7
Evaluate 5 + -1 + -4 + 0.
0
Evaluate -7 + 1 + (1 - 0).
-5
What is the value of 1 - (4 - (4 + 0))?
1
What is -6 + 12 + -5 + -1 + 2?
2
What is the value of -3 + 5 + -6 - 1?
-5
Evaluate 1 + 4 + -2 + 1 + -1.
3
What is the value of (-6 - -3) + -1 - 2 - -1?
-5
What is 5 - (1 - 2 - (-3 + 0))?
3
Calculate 2 - (-31 - -11 - -12).
10
Calculate 0 + -6 + (0 - -3) - -6.
3
Evaluate 1 + 2 - (13 + -16 + 10).
-4
Calculate 13 + -16 + (0 - -3).
0
(2 - 3) + -6 - (-5 - -3)
-5
Evaluate (-3 - (4 + -4)) + 1 + -2.
-4
(0 - -2) + (24 - 27)
-1
What is 5 + -4 + -5 + 4 - 4?
-4
What is the value of 0 - (-1 + -5 - (15 - 25))?
-4
What is the value of (-3 - -8) + -4 - 6?
-5
(-2 - (2 - 6)) + (21 - 24)
-1
Calculate (3 + (3 - 3) - 1) + 2.
4
What is 9 - -5 - 8 - -2?
8
Evaluate 1 + (-3 - -2) + 4 - 4.
0
3 + 0 + -3 + 2
2
1 + (-4 - 1) + 7
3
What is the value of -4 + 1 + -3 + 7 + -4?
-3
Evaluate (0 - 5) + 4 + 5.
4
What is the value of 12 + -8 + (1 - 0)?
5
What is (4 - (-1 + 0)) + 9 + -13?
1
What is 3 + 5 - (-3 + 11)?
0
-2 - 4 - (-98 + 97)
-5
(-2 - -6) + -7 + (-2 - -1)
-4
What is 6 + -7 + 7 + -11?
-5
Evaluate -13 + (8 - ((2 - 5) + 4)).
-6
1 + 11 + -205 + 203
10
Calculate (-20 - -14) + 1 + 10.
5
What is the value of 4 - (-2 + 3 - (-3 + -1))?
-1
0 + -6 + (0 + 6 - 2)
-2
What is the value of (-5 - -6) + 1 + 1?
3
1 + 4 + (5 - (0 - 0))
10
What is the value of 20 + -20 - (1 + (-1 - -2))?
-2
Evaluate (-12 + 6 - -1) + -2 + 7.
0
Evaluate (4 - (-9 - -12)) + 1 + -1.
1
6 + 1 + (14 - 14) + 0
7
-6 + 2 + 37 + -27
6
Calculate 3 - ((-3 - -2) + 4).
0
Calculate 10 + -11 - (0 - -1).
-2
Evaluate 11 + (-5 - 3) + -4.
-1
What is the value of (22 - (35 - 17)) + 1 + -7?
-2
Evaluate (-3 + 3 - 2) + -2.
-4
What is the value of -5 + 7 + 5 - 5?
2
What is the value of -6 - -3 - -10 - 8?
-1
Evaluate 3 + -1 - (1 + 6 + -10).
5
Evaluate 11 + 2 + 11 + -24 + 9.
9
What is the value of (20 - 21) + -7 + 2?
-6
What is the value of -2 + (1 - 6) + (6 - -1)?
0
-1 + 2 + 1 - (-4 - -6)
0
Evaluate 1 - 0 - (31 + -34).
4
Calculate (-9 - -3) + -2 + -5 + 5.
-8
-7 - (-4 - 5 - 5)
7
-9 + 5 - -5 - -1
2
What is the value of (1 - -2) + (3 - 7) - -5?
4
Evaluate (2 + 0 - 3) + 2.
1
Evaluate 0 + -1 + (2 - (-4 + 1)).
4
Calculate 1 + 1 - (1 - (-1 + 5)).
5
Calculate -1 + 4 + -6 + 2 + 4.
3
What is the value of -5 + (7 - 0 - (17 - 14))?
-1
-3 - -4 - (-2 + 3)
0
-3 + 9 - (-5 - -7)
4
-8 - (-5 - 6) - 3
0
What is -1 + 1 - -6 - 2?
4
Calculate 3 - (3 - (2 + -1)).
1
Evaluate 4 + (-3 + 7 - (3 + 1)).
4
1 + 0 + 6 + 1
8
5 + (-5 - -3) + -1 - 5
-3
Calculate (-23 - -23) + (-3 - 1) + -1.
-5
What is -3 - (3 + (0 - 3) + -2)?
-1
(-1 - (6 - 4)) + 4 + -6
-5
Calculate 1 + -1 + (-11 - -12).
1
Evaluate 4 + -2 + 4 + -5.
1
What is 36 - 17 - 12 - (-2 - 1)?
10
Evaluate 9 + -5 + 5 + -4 - 6.
-1
What is the value of (6 - -3) + -4 - 0?
5
What is the value of (-38 - -37) + -1 + 0?
-2
What is the value of 40 + -36 + (7 - 3)?
8
Evaluate -3 - (1 - 4 - -6) - -3.
-3
What is the value of -2 - (-2 + 1 + 4)?
-5
Calculate -1 + -6 - (-2 + -11 + 0).
6
What is the value of 6 + (-12 - (-14 - 0 - -7))?
1
5 + (6 + -14 - -5)
2
What is the value of 8 - (-1 + 1) - 6?
2
-6 - (-6 - -9 - -2)
-11
Evaluate (-3 - 1 - -3) + 5.
4
What is 5 - (-3 + 7 - 2)?
3
What is the value of 3 + -3 + 17 + -11?
6
4 + (-8 - -14 - 4)
6
Calculate -1 + 8 + -9 + (8 - -1).
7
What is the value of (-12 + 7 - -4) + 1?
0
What is -9 - (-3 + 10 - 11)?
-5
Calculate -18 + 24 + -1 + 1 + -7.
-1
-3 + 3 + 1 + -4 - 0
-3
What is -3 + 2 + 5 + -4?
0
What is the value of -2 - 0 - 1 - (-7 + -1)?
5
What is the value of 4 + -5 + -15 + 12?
-4
What is (-12 - (-27 - -17)) + (2 - 4)?
-4
Calculate 22 + -16 + 5 + -12.
-1
Evaluate (-4 - -3) + -2 - (-6 - 1).
4
0 + -9 + 10 + (-6 - 0)
-5
What is (4 - 2) + -4 + -4?
-6
Calculate -9 + 12 - 0 - 9.
-6
(1 - ((3 - 4) + 0)) + -1
1
Calculate -24 + 2 + 11 - -3.
-8
2 - (1 + (5 - 3))
-1
Calculate (0 - -7) + -8 - -5.
4
Evaluate 4 - (0 + (0 - -3)) - 9.
-8
What is the value of (-2 - 2) + 9 - (1 - -3)?
1
-2 - -11 - 8 - (3 + -9)
7
What is -3 - (-3 - (1 - 0))?
1
What is the value of (-6 + 5 - -8) + 1 + 2?
10
(-4 - -6) + 5 - 3
4
Evaluate -5 + (2 + 2 - (-1 + 4)).
-4
Evaluate (-18 - -9) + 5 + 3.
-1
What is the value of 11 + 2 + -3 - 5?
5
Calculate 4 + -8 + 3 + -1 - 2.
-4
Calculate 7 - ((3 - (-3 - -1)) + -3).
5
5 + -1 - (8 - 8)
4
Calculate -5 + (7 - -1) + -5.
-2
Calculate (2 - 7) + 2 - -3.
0
What is the value of 3 - (3 - (-3 + 11))?
8
What is the value of 9 - 5 - (4 - (-1 + 3))?
2
Calculate (1 - (8 + -6)) + 4.
3
Evaluate -2 - (2 - (-5 - -13)).
4
-3 + (-1 + (-1 - -5) - -3)
3
-30 + 23 + 6 + 5
4
Evaluate 7 + -3 - (3 - -2).
-1
What is the value of (-9 - -3) + -2 - -11?
3
Calculate (3 - 7) + 14 + -3 + 3.
10
What is the value of -5 - (-1 - (1 + -1 + -1))?
-5
What is the value of 7 + -4 - 4 - (-6 - -5)?
0
Evaluate (2 - (2 + (0 - -1))) + 3.
2
What is the value of (1 - (1 - -7 - 4)) + 3?
0
Calculate -2 - 2 - (-3 + 0).
-1
What is the value of -3 - (-2 - (3 - 0 - 0))?
2
What is the value of 2 - (-6 - (4 - 11))?
1
What is the value of 0 - (7 + -4) - -1?
-2
Evaluate (11 - 25) + 18 + -2 + 1.
3
Evaluate 5 + -3 + -3 + (3 - 6).
-4
What is the value of -1 + 10 + -7 - -3?
5
Evaluate -2 + (2 - (4 + -3)) + -1.
-2
Evaluate 0 + 0 - (108 + -113).
5
Calculate (0 - (-3 - 2)) + -10 + 11.
6
Evaluate 4 + (1 - (5 + -5)).
5
Calculate -6 + (-9 - -8) - 1.
-8
Calculate 0 + (-2 - (1 + -5)) + -6.
-4
Evaluate (-2 - ((0 - 10) + 5)) + 2.
5
What is the value of 11 - (1 - (-2 - 3))?
5
Calculate -4 + (11 - (-9 - -17)).
-1
-2 + (-4 - 0) + 7
1
Calculate (-1 - -2) + 46 + -40.
7
What is -3 + 5 + 1 + -1?
2
What is (-8 - -4) + 2 + -1 - 0?
-3
Evaluate -2 - (-5 + 1 - -7).
-5
What is -10 + (10 - -9) + -15?
-6
Calculate 10 - 2 - (0 - -2).
6
What is 18 - 9 - (-1 + 7)?
3
What is the value of (2 - -1 - -1) + -4 - -2?
2
-5 - (4 + -1 + 2) - -4
-6
What is (-1 + -1 + 0 - -3) + -3?
-2
5 - (-8 + 16) - -7
4
What is the value of 19 - (4 + 10) - (3 - 2)?
4
39 - 38 - (-1 + 2)
0
Calculate 2 + 6 + -10 - (-2 + 0).
0
Calculate -4 + 0 + -2 + 2.
-4
Evaluate 2 - (7 - 8 - (1 - 8)).
-4
Calculate -5 - -7 - (2 + -1).
1
What is 2 + 1 + 3 + -4?
2
Calculate (-3 - (-3 + 2)) + 1 + 0.
-1
What is (2 - (7 + -3 - 2)) + 2?
2
-5 + 0 + 0 - (0 - 5)
0
Calculate -3 - (5 + -6 + -5).
3
What is the value of 4 + (-3 - -4 - 5) + -5?
-5
What is the value of 5 - (-3 + 1) - (0 - -1)?
6
What is the value of (3 - (4 + 0)) + 0?
-1
What is the value of 8 + -1 + 0 + -3?
4
Evaluate (2 - 3) + -3 + -1.
-5
Evaluate -14 - -21 - (11 + -3).
-1
What is (4 - -10 - 15) + (0 - -5)?
4
-4 - 0 - (21 + -25) - -1
1
-2 + 0 - (-8 - -6) - -3
3
Evaluate (3 + -3 - -2) + -6.
-4
-1 + 0 + (-12 - (-31 - -19))
-1
What is -4 + 4 + (5 - 10)?
-5
What is the value of -12 + 10 + (2 - 4 - 0)?
-4
Evaluate -11 + 12 - (10 + -3).
-6
What is the value of -2 + 3 + -8 + 9?
2
Calculate -2 + (-5 - 1 - (-16 - -12)).
-4
37 + -32 + (-1 - 0)
4
Evaluate (-7 + 3 - 0) + (7 - 5).
-2
(6 + -12 - -9) + 5
8
What is (4 - (-3 - -6)) + -4?
-3
Calculate -17 + -22 + 11 + 20.
-8
What is -2 + 0 + 2 + 4 + -2?
2
Calculate 0 + (-1 + 7 - 4) - 0.
2
What is (2 - -2) + -7 + 7?
4
1 + -10 + 6 + -3 + 9
3
4 + -1 - 0 - (37 - 31)
-3
Evaluate 1 + (14 - 13 - -4).
6
-13 - (3 - (21 - -2))
7
What is 6 + (-3 - 2) + 3?
4
Evaluate 6 + -3 + 1 + (1 - 2).
3
-84 + 85 - (-2 + 8)
-5
Evaluate 0 + -4 - (-1 + -5).
2
(-10 - -7) + 2 + 5
4
Calculate 2 + 1 + 5 + -6.
2
Calculate -2 - (-3 + -1) - (0 + -1).
3
What is the value of -21 + 28 - (0 + 5)?
2
What is the value of 3 - (12 - 2 - (2 - -1))?
-4
What is -2 - ((8 - (2 - 1)) + -3)?
-6
Evaluate 3 - 3 - (2 + -13 + 7).
4
(33 - 26) + (-11 - -1)
-3
What is the value of 0 + -3 + (14 - 18)?
-7
Evaluate -3 + (-10 - -1 - -7).
-5
What is 2 - (10 + -8) - -4?
4
What is 5 + 6 + -8 + -1?
2
Evaluate (4 - 5 - 5) + -5 - -4.
-7
-4 - (-12 + 13) - (-2